 199.
170
Calculate the remainder when 63110027 is divided by 139.
135
What is the remainder when 1247110 is divided by 51?
7
Calculate the remainder when 17005722 is divided by 2834286.
6
Calculate the remainder when 23486 is divided by 356.
346
What is the remainder when 967534 is divided by 143?
139
Calculate the remainder when 4166739 is divided by 10.
9
What is the remainder when 9724 is divided by 5470?
4254
What is the remainder when 24910 is divided by 2218?
512
What is the remainder when 568911 is divided by 20303?
427
Calculate the remainder when 292146 is divided by 424.
10
What is the remainder when 132855 is divided by 931?
653
Calculate the remainder when 2479210 is divided by 11.
8
What is the remainder when 96813 is divided by 16135?
3
What is the remainder when 63572794 is divided by 879?
877
Calculate the remainder when 11594425 is divided by 733.
564
What is the remainder when 1000925 is divided by 250214?
69
What is the remainder when 26509836 is divided by 37?
2
What is the remainder when 5570726 is divided by 31?
26
Calculate the remainder when 341034 is divided by 8315.
119
What is the remainder when 50149899 is divided by 1522?
1521
Calculate the remainder when 183893 is divided by 50.
43
Calculate the remainder when 124368 is divided by 3451.
132
Calculate the remainder when 6529920 is divided by 55.
45
What is the remainder when 623905 is divided by 62388?
25
What is the remainder when 4501308 is divided by 5204?
5052
Calculate the remainder when 76452045 is divided by 244.
13
Calculate the remainder when 1395598 is divided by 465125.
223
What is the remainder when 138865 is divided by 12609?
166
What is the remainder when 7126182 is divided by 1338?
1332
Calculate the remainder when 1007709 is divided by 1620.
69
Calculate the remainder when 8287612 is divided by 2762529.
25
Calculate the remainder when 99229965 is divided by 27.
24
Calculate the remainder when 1069230 is divided by 1905.
525
What is the remainder when 60757 is divided by 5761?
3147
Calculate the remainder when 1073443 is divided by 233.
12
Calculate the remainder when 423477 is divided by 84687.
42
What is the remainder when 8513 is divided by 710?
703
Calculate the remainder when 134353 is divided by 22323.
415
What is the remainder when 49303 is divided by 2142?
37
What is the remainder when 833024 is divided by 934?
830
Calculate the remainder when 6001950 is divided by 68.
66
What is the remainder when 106760 is divided by 53072?
616
Calculate the remainder when 158549 is divided by 78282.
1985
What is the remainder when 43408 is divided by 197?
68
What is the remainder when 782217 is divided by 7822?
17
Calculate the remainder when 247063 is divided by 694.
693
Calculate the remainder when 8958607 is divided by 69.
61
Calculate the remainder when 3552184 is divided by 109.
92
What is the remainder when 64798032 is divided by 60?
12
Calculate the remainder when 2488304 is divided by 621957.
476
Calculate the remainder when 8646792 is divided by 45.
42
What is the remainder when 38910651 is divided by 1717?
1714
What is the remainder when 852430 is divided by 245?
75
What is the remainder when 891804 is divided by 2036?
36
Calculate the remainder when 8351564 is divided by 91.
39
What is the remainder when 61582 is divided by 2462?
32
Calculate the remainder when 76044107 is divided by 6.
5
Calculate the remainder when 473372 is divided by 2558.
142
What is the remainder when 11764230 is divided by 511?
499
What is the remainder when 10157 is divided by 100?
57
Calculate the remainder when 62915876 is divided by 12.
8
Calculate the remainder when 467825 is divided by 3167.
2276
Calculate the remainder when 451495 is divided by 36.
19
What is the remainder when 14535105 is divided by 22?
13
What is the remainder when 1004484 is divided by 3373?
2703
What is the remainder when 4907432 is divided by 46?
14
Calculate the remainder when 600251 is divided by 49876.
1739
What is the remainder when 42281636 is divided by 1285?
1281
What is the remainder when 55965590 is divided by 25637?
19
Calculate the remainder when 9853599 is divided by 3703.
3619
What is the remainder when 142625 is divided by 3735?
695
Calculate the remainder when 6163962 is divided by 32.
26
What is the remainder when 284598 is divided by 1027?
119
Calculate the remainder when 616330 is divided by 205412.
94
Calculate the remainder when 178870 is divided by 419.
376
What is the remainder when 10232 is divided by 5343?
4889
What is the remainder when 715114 is divided by 280?
274
Calculate the remainder when 312032 is divided by 16365.
1097
Calculate the remainder when 1921147 is divided by 253.
118
Calculate the remainder when 56305147 is divided by 576.
571
What is the remainder when 1809099 is divided by 301514?
15
What is the remainder when 26687655 is divided by 2668764?
15
Calculate the remainder when 3213901 is divided by 45.
1
Calculate the remainder when 5348436 is divided by 1103.
1092
What is the remainder when 1851693 is divided by 1361?
733
Calculate the remainder when 5087040 is divided by 5299.
0
What is the remainder when 587249 is divided by 9163?
817
What is the remainder when 54701654 is divided by 41160?
14
What is the remainder when 620736 is divided by 11?
6
What is the remainder when 4424827 is divided by 2212336?
155
Calculate the remainder when 26282 is divided by 6570.
2
What is the remainder when 4796440 is divided by 165394?
14
What is the remainder when 26332626 is divided by 15125?
1
Calculate the remainder when 138519126 is divided by 147.
144
Calculate the remainder when 50813 is divided by 49923.
890
What is the remainder when 1437667 is divided by 11784?
19
What is the remainder when 2019527 is divided by 168?
167
Calculate the remainder when 5716252 is divided by 58329.
10
Calculate the remainder when 74988053 is divided by 17.
16
What is the remainder when 27881 is divided by 3215?
2161
What is the remainder when 1453798 is divided by 142?
2
What is the remainder when 9533531 is divided by 183337?
7
Calculate the remainder when 69231 is divided by 4049.
398
Calculate the remainder when 20189201 is divided by 447.
446
What is the remainder when 16327 is divided by 3136?
647
Calculate the remainder when 4297773 is divided by 5567.
49
What is the remainder when 2870936 is divided by 84413?
894
What is the remainder when 41056554 is divided by 41?
15
Calculate the remainder when 650409 is divided by 64.
41
What is the remainder when 1170131895 is divided by 78?
75
What is the remainder when 2319283 is divided by 625?
533
Calculate the remainder when 224688 is divided by 243.
156
Calculate the remainder when 1974349 is divided by 108.
1
What is the remainder when 6687203 is divided by 82557?
86
What is the remainder when 18105858 is divided by 132?
78
Calculate the remainder when 30097670 is divided by 3.
2
Calculate the remainder when 4689076 is divided by 67.
14
Calculate the remainder when 512503 is divided by 255350.
1803
What is the remainder when 240646030 is divided by 569?
567
What is the remainder when 27686860 is divided by 6?
4
What is the remainder when 133023 is divided by 750?
273
What is the remainder when 370510 is divided by 157?
147
What is the remainder when 3238601 is divided by 924?
905
What is the remainder when 832589 is divided by 92255?
2294
Calculate the remainder when 36165 is divided by 8140.
3605
What is the remainder when 126370193 is divided by 75?
68
What is the remainder when 7460482 is divided by 1159?
1158
Calculate the remainder when 2607948 is divided by 933.
213
What is the remainder when 13622162 is divided by 53?
49
What is the remainder when 70174 is divided by 13294?
3704
Calculate the remainder when 427309 is divided by 552.
61
What is the remainder when 2963554 is divided by 1724?
1722
Calculate the remainder when 700993 is divided by 700659.
334
Calculate the remainder when 11516121 is divided by 627.
12
What is the remainder when 11874255 is divided by 383040?
15
What is the remainder when 3893283 is divided by 21391?
121
Calculate the remainder when 5147171 is divided by 2181.
11
Calculate the remainder when 607639 is divided by 303802.
35
What is the remainder when 4783966840 is divided by 137?
135
